{"id":21,"date":"2024-03-22T12:46:44","date_gmt":"2024-03-22T12:46:44","guid":{"rendered":"https:\/\/zardgestaocondominal.com.br\/?page_id=21"},"modified":"2024-07-16T12:45:59","modified_gmt":"2024-07-16T12:45:59","slug":"contato","status":"publish","type":"page","link":"https:\/\/zardgestaocondominal.com.br\/?page_id=21","title":{"rendered":"Contato"},"content":{"rendered":"\t\t<div data-elementor-type=\"wp-page\" data-elementor-id=\"21\" class=\"elementor elementor-21\" data-elementor-post-type=\"page\">\n\t\t\t\t<div class=\"elementor-element elementor-element-3b71307c e-flex e-con-boxed wpr-particle-no wpr-jarallax-no wpr-parallax-no wpr-sticky-section-no wpr-equal-height-no e-con e-parent\" data-id=\"3b71307c\" data-element_type=\"container\" data-e-type=\"container\">\n\t\t\t\t\t<div class=\"e-con-inner\">\n\t\t\t\t<div class=\"elementor-element elementor-element-550f0d48 elementor-invisible elementor-widget elementor-widget-heading\" data-id=\"550f0d48\" data-element_type=\"widget\" data-e-type=\"widget\" data-settings=\"{&quot;_animation&quot;:&quot;fadeInUp&quot;}\" data-widget_type=\"heading.default\">\n\t\t\t\t<div class=\"elementor-widget-container\">\n\t\t\t\t\t<h1 class=\"elementor-heading-title elementor-size-default\">ENTRE EM CONATO<\/h1>\t\t\t\t<\/div>\n\t\t\t\t<\/div>\n\t\t\t\t<div class=\"elementor-element elementor-element-5c87662d elementor-invisible elementor-widget elementor-widget-text-editor\" data-id=\"5c87662d\" data-element_type=\"widget\" data-e-type=\"widget\" data-settings=\"{&quot;_animation&quot;:&quot;fadeInUp&quot;}\" data-widget_type=\"text-editor.default\">\n\t\t\t\t<div class=\"elementor-widget-container\">\n\t\t\t\t\t\t\t\t\t<p>Solicite uma cota\u00e7\u00e3o de servi\u00e7os para a gest\u00e3o do seu condom\u00ednio.<\/p>\t\t\t\t\t\t\t\t<\/div>\n\t\t\t\t<\/div>\n\t\t\t\t<div class=\"elementor-element elementor-element-6b8a1f34 elementor-widget-divider--view-line elementor-invisible elementor-widget elementor-widget-divider\" data-id=\"6b8a1f34\" data-element_type=\"widget\" data-e-type=\"widget\" data-settings=\"{&quot;_animation&quot;:&quot;fadeInUp&quot;}\" data-widget_type=\"divider.default\">\n\t\t\t\t<div class=\"elementor-widget-container\">\n\t\t\t\t\t\t\t<div class=\"elementor-divider\">\n\t\t\t<span class=\"elementor-divider-separator\">\n\t\t\t\t\t\t<\/span>\n\t\t<\/div>\n\t\t\t\t\t\t<\/div>\n\t\t\t\t<\/div>\n\t\t\t\t\t<\/div>\n\t\t\t\t<\/div>\n\t\t<div class=\"elementor-element elementor-element-6cee883d e-flex e-con-boxed wpr-particle-no wpr-jarallax-no wpr-parallax-no wpr-sticky-section-no wpr-equal-height-no e-con e-parent\" data-id=\"6cee883d\" data-element_type=\"container\" data-e-type=\"container\">\n\t\t\t\t\t<div class=\"e-con-inner\">\n\t\t<div class=\"elementor-element elementor-element-9b9a9e2 e-con-full e-flex wpr-particle-no wpr-jarallax-no wpr-parallax-no wpr-sticky-section-no wpr-equal-height-no e-con e-child\" data-id=\"9b9a9e2\" data-element_type=\"container\" data-e-type=\"container\">\n\t\t\t\t<div class=\"elementor-element elementor-element-18a668b1 elementor-invisible elementor-widget elementor-widget-image\" data-id=\"18a668b1\" data-element_type=\"widget\" data-e-type=\"widget\" data-settings=\"{&quot;_animation&quot;:&quot;fadeInLeft&quot;}\" data-widget_type=\"image.default\">\n\t\t\t\t<div class=\"elementor-widget-container\">\n\t\t\t\t\t\t\t\t\t\t\t\t\t\t\t<img decoding=\"async\" src=\"https:\/\/zardgestaocondominal.com.br\/wp-content\/uploads\/2024\/03\/finger-touching-tablet.jpg\" title=\"finger-touching-tablet\" alt=\"finger-touching-tablet\" class=\"elementor-animation-grow\" loading=\"lazy\" \/>\t\t\t\t\t\t\t\t\t\t\t\t\t\t\t<\/div>\n\t\t\t\t<\/div>\n\t\t\t\t<\/div>\n\t\t<div class=\"elementor-element elementor-element-17de966f e-con-full e-flex wpr-particle-no wpr-jarallax-no wpr-parallax-no wpr-sticky-section-no wpr-equal-height-no e-con e-child\" data-id=\"17de966f\" data-element_type=\"container\" data-e-type=\"container\">\n\t\t\t\t<div class=\"elementor-element elementor-element-7955995f wpr-step-type-number_text wpr-step-content-layout-vertical wpr-custom-styles-yes elementor-invisible elementor-widget elementor-widget-wpr-form-builder\" data-id=\"7955995f\" data-element_type=\"widget\" data-e-type=\"widget\" data-settings=\"{&quot;success_message&quot;:&quot;Submission successful&quot;,&quot;error_message&quot;:&quot;Submission failed&quot;,&quot;_animation&quot;:&quot;fadeInUp&quot;,&quot;button_width&quot;:{&quot;unit&quot;:&quot;%&quot;,&quot;size&quot;:100,&quot;sizes&quot;:[]},&quot;button_width_tablet&quot;:{&quot;unit&quot;:&quot;px&quot;,&quot;size&quot;:&quot;&quot;,&quot;sizes&quot;:[]},&quot;button_width_mobile&quot;:{&quot;unit&quot;:&quot;px&quot;,&quot;size&quot;:&quot;&quot;,&quot;sizes&quot;:[]},&quot;step_type&quot;:&quot;number_text&quot;,&quot;step_content_layout&quot;:&quot;vertical&quot;}\" data-widget_type=\"wpr-form-builder.default\">\n\t\t\t\t<div class=\"elementor-widget-container\">\n\t\t\t\t\t\t\t<form class=\"wpr-form\" method=\"post\" name=\"New Form\" page=\"Contato\" page_id=\"21\" novalidate>\n\t\t\t<input type=\"hidden\" name=\"post_id\" value=\"21\"\/>\n\t\t\t<input type=\"hidden\" name=\"form_id\" value=\"7955995f\"\/>\n\t\t\t<input type=\"hidden\" name=\"referer_title\" value=\"ZARD Gest\u00e3o Condominal\" \/>\n\n\t\t\t<div class=\"wpr-step-wrap\"><\/div>\n\t\t\t<div class=\"wpr-form-fields-wrap wpr-labels-above\">\n\t\t\t\t\t\t\t\t\t<div class=\"wpr-form-field-type-text wpr-field-group wpr-column wpr-field-group-name elementor-repeater-item-eba07c7 wpr-form-field-required\">\n\t\t\t\t\t\t\t\t\t\t\t\t\t\t<label for=\"form-field-name\" class=\"wpr-form-field-label\" data-alt-label=\"Nome\">\n\t\t\t\t\t\t\t\t\tNome\t\t\t\t\t\t\t\t<\/label>\n\t\t\t\t\t\t\t<input size=\"1 \"type=\"text\" name=\"form_fields[name]\" id=\"form-field-name\" class=\"wpr-form-field  wpr-form-field-textual\" required=\"required\" aria-required=\"true\">\t\t\t\t\t<\/div>\n\t\t\t\t\t\t\t\t\t<div class=\"wpr-form-field-type-email wpr-field-group wpr-column wpr-field-group-email elementor-repeater-item-5518855 wpr-form-field-required\">\n\t\t\t\t\t\t\t\t\t\t\t\t\t\t<label for=\"form-field-email\" class=\"wpr-form-field-label\" data-alt-label=\"E-mail\">\n\t\t\t\t\t\t\t\t\tE-mail\t\t\t\t\t\t\t\t<\/label>\n\t\t\t\t\t\t\t<input size=\"1 \"type=\"email\" name=\"form_fields[email]\" id=\"form-field-email\" class=\"wpr-form-field  wpr-form-field-textual\" required=\"required\" aria-required=\"true\">\t\t\t\t\t<\/div>\n\t\t\t\t\t\t\t\t\t<div class=\"wpr-form-field-type-textarea wpr-field-group wpr-column wpr-field-group-message elementor-repeater-item-cd70bee\">\n\t\t\t\t\t\t\t\t\t\t\t\t\t\t<label for=\"form-field-message\" class=\"wpr-form-field-label\" data-alt-label=\"Mensagem\">\n\t\t\t\t\t\t\t\t\tMensagem\t\t\t\t\t\t\t\t<\/label>\n\t\t\t\t\t\t\t<textarea class=\"wpr-form-field-textual wpr-form-field \" name=\"form_fields[message]\" id=\"form-field-message\" rows=\"7\"><\/textarea>\t\t\t\t\t<\/div>\n\t\t\t\t<div class=\"wpr-field-group wpr-stp-btns-wrap wpr-column wpr-form-field-type-submit\" data-actions=\"[&quot;email&quot;]\" data-redirect-url=\"\" data-mailchimp-fields=\"{&quot;email_field&quot;:&quot;&quot;,&quot;first_name_field&quot;:&quot;&quot;,&quot;last_name_field&quot;:&quot;&quot;,&quot;address_field&quot;:&quot;&quot;,&quot;phone_field&quot;:&quot;&quot;,&quot;birthday_field&quot;:&quot;&quot;,&quot;group_id&quot;:&quot;&quot;}\" data-list-id=\"\">\t\t\t<button type=\"submit\" class=\"wpr-button\">\n\t\t\t\t<span >\n\t\t\t\t\t\t\t\t\t\t\t\t\t\t\t\t<span>ENVIAR MENSAGEM<\/span>\n\t\t\t\t\t\t\t\t\t\t\t\t\t\t<\/span>\t\n\t\t\t\t<div class=\"wpr-double-bounce wpr-loader-hidden\">\n\t\t\t\t\t<div class=\"wpr-child wpr-double-bounce1\"><\/div>\n\t\t\t\t\t<div class=\"wpr-child wpr-double-bounce2\"><\/div>\n\t\t\t\t<\/div>\n\t\t\t<\/button>\n\t\t<\/div>\t\t\t\t\n\t\t\t<\/div>\n\t\t<\/form>\n\t  \t\t\t\t<\/div>\n\t\t\t\t<\/div>\n\t\t\t\t<div class=\"elementor-element elementor-element-ada5bc3 elementor-icon-list--layout-traditional elementor-list-item-link-full_width elementor-widget elementor-widget-icon-list\" data-id=\"ada5bc3\" data-element_type=\"widget\" data-e-type=\"widget\" data-widget_type=\"icon-list.default\">\n\t\t\t\t<div class=\"elementor-widget-container\">\n\t\t\t\t\t\t\t<ul class=\"elementor-icon-list-items\">\n\t\t\t\t\t\t\t<li class=\"elementor-icon-list-item\">\n\t\t\t\t\t\t\t\t\t\t\t<span class=\"elementor-icon-list-icon\">\n\t\t\t\t\t\t\t<svg aria-hidden=\"true\" class=\"e-font-icon-svg e-fab-whatsapp\" viewBox=\"0 0 448 512\" xmlns=\"http:\/\/www.w3.org\/2000\/svg\"><path d=\"M380.9 97.1C339 55.1 283.2 32 223.9 32c-122.4 0-222 99.6-222 222 0 39.1 10.2 77.3 29.6 111L0 480l117.7-30.9c32.4 17.7 68.9 27 106.1 27h.1c122.3 0 224.1-99.6 224.1-222 0-59.3-25.2-115-67.1-157zm-157 341.6c-33.2 0-65.7-8.9-94-25.7l-6.7-4-69.8 18.3L72 359.2l-4.4-7c-18.5-29.4-28.2-63.3-28.2-98.2 0-101.7 82.8-184.5 184.6-184.5 49.3 0 95.6 19.2 130.4 54.1 34.8 34.9 56.2 81.2 56.1 130.5 0 101.8-84.9 184.6-186.6 184.6zm101.2-138.2c-5.5-2.8-32.8-16.2-37.9-18-5.1-1.9-8.8-2.8-12.5 2.8-3.7 5.6-14.3 18-17.6 21.8-3.2 3.7-6.5 4.2-12 1.4-32.6-16.3-54-29.1-75.5-66-5.7-9.8 5.7-9.1 16.3-30.3 1.8-3.7.9-6.9-.5-9.7-1.4-2.8-12.5-30.1-17.1-41.2-4.5-10.8-9.1-9.3-12.5-9.5-3.2-.2-6.9-.2-10.6-.2-3.7 0-9.7 1.4-14.8 6.9-5.1 5.6-19.4 19-19.4 46.3 0 27.3 19.9 53.7 22.6 57.4 2.8 3.7 39.1 59.7 94.8 83.8 35.2 15.2 49 16.5 66.6 13.9 10.7-1.6 32.8-13.4 37.4-26.4 4.6-13 4.6-24.1 3.2-26.4-1.3-2.5-5-3.9-10.5-6.6z\"><\/path><\/svg>\t\t\t\t\t\t<\/span>\n\t\t\t\t\t\t\t\t\t\t<span class=\"elementor-icon-list-text\">(51) 99835-5959<\/span>\n\t\t\t\t\t\t\t\t\t<\/li>\n\t\t\t\t\t\t\t\t<li class=\"elementor-icon-list-item\">\n\t\t\t\t\t\t\t\t\t\t\t<span class=\"elementor-icon-list-icon\">\n\t\t\t\t\t\t\t<svg aria-hidden=\"true\" class=\"e-font-icon-svg e-far-envelope\" viewBox=\"0 0 512 512\" xmlns=\"http:\/\/www.w3.org\/2000\/svg\"><path d=\"M464 64H48C21.49 64 0 85.49 0 112v288c0 26.51 21.49 48 48 48h416c26.51 0 48-21.49 48-48V112c0-26.51-21.49-48-48-48zm0 48v40.805c-22.422 18.259-58.168 46.651-134.587 106.49-16.841 13.247-50.201 45.072-73.413 44.701-23.208.375-56.579-31.459-73.413-44.701C106.18 199.465 70.425 171.067 48 152.805V112h416zM48 400V214.398c22.914 18.251 55.409 43.862 104.938 82.646 21.857 17.205 60.134 55.186 103.062 54.955 42.717.231 80.509-37.199 103.053-54.947 49.528-38.783 82.032-64.401 104.947-82.653V400H48z\"><\/path><\/svg>\t\t\t\t\t\t<\/span>\n\t\t\t\t\t\t\t\t\t\t<span class=\"elementor-icon-list-text\"> zard.gestaocondominal@gmail.com<\/span>\n\t\t\t\t\t\t\t\t\t<\/li>\n\t\t\t\t\t\t<\/ul>\n\t\t\t\t\t\t<\/div>\n\t\t\t\t<\/div>\n\t\t\t\t<\/div>\n\t\t\t\t\t<\/div>\n\t\t\t\t<\/div>\n\t\t\t\t<\/div>\n\t\t","protected":false},"excerpt":{"rendered":"<p>ENTRE EM CONATO Solicite uma cota\u00e7\u00e3o de servi\u00e7os para a gest\u00e3o do seu condom\u00ednio. Nome E-mail Mensagem ENVIAR MENSAGEM (51) 99835-5959 zard.gestaocondominal@gmail.com<\/p>\n","protected":false},"author":1,"featured_media":0,"parent":0,"menu_order":0,"comment_status":"closed","ping_status":"closed","template":"elementor_header_footer","meta":{"_joinchat":[],"footnotes":""},"class_list":["post-21","page","type-page","status-publish","hentry"],"yoast_head":"<!-- This site is optimized with the Yoast SEO plugin v27.5 - https:\/\/yoast.com\/product\/yoast-seo-wordpress\/ -->\n<title>Contato - ZARD Gest\u00e3o Condominal<\/title>\n<meta name=\"robots\" content=\"index, follow, max-snippet:-1, max-image-preview:large, max-video-preview:-1\" \/>\n<link rel=\"canonical\" href=\"https:\/\/zardgestaocondominal.com.br\/?page_id=21\" \/>\n<meta property=\"og:locale\" content=\"pt_BR\" \/>\n<meta property=\"og:type\" content=\"article\" \/>\n<meta property=\"og:title\" content=\"Contato - ZARD Gest\u00e3o Condominal\" \/>\n<meta property=\"og:description\" content=\"ENTRE EM CONATO Solicite uma cota\u00e7\u00e3o de servi\u00e7os para a gest\u00e3o do seu condom\u00ednio. Nome E-mail Mensagem ENVIAR MENSAGEM (51) 99835-5959 zard.gestaocondominal@gmail.com\" \/>\n<meta property=\"og:url\" content=\"https:\/\/zardgestaocondominal.com.br\/?page_id=21\" \/>\n<meta property=\"og:site_name\" content=\"ZARD Gest\u00e3o Condominal\" \/>\n<meta property=\"article:modified_time\" content=\"2024-07-16T12:45:59+00:00\" \/>\n<meta property=\"og:image\" content=\"http:\/\/zardgestaocondominal.com.br\/wp-content\/uploads\/elementor\/thumbs\/finger-touching-tablet-qll8n7j4b7tlkkfnro19jf2sf76wgsrcdt9efruk5k.jpg\" \/>\n<meta name=\"twitter:card\" content=\"summary_large_image\" \/>\n<script type=\"application\/ld+json\" class=\"yoast-schema-graph\">{\"@context\":\"https:\\\/\\\/schema.org\",\"@graph\":[{\"@type\":\"WebPage\",\"@id\":\"https:\\\/\\\/zardgestaocondominal.com.br\\\/?page_id=21\",\"url\":\"https:\\\/\\\/zardgestaocondominal.com.br\\\/?page_id=21\",\"name\":\"Contato - ZARD Gest\u00e3o Condominal\",\"isPartOf\":{\"@id\":\"https:\\\/\\\/zardgestaocondominal.com.br\\\/#website\"},\"primaryImageOfPage\":{\"@id\":\"https:\\\/\\\/zardgestaocondominal.com.br\\\/?page_id=21#primaryimage\"},\"image\":{\"@id\":\"https:\\\/\\\/zardgestaocondominal.com.br\\\/?page_id=21#primaryimage\"},\"thumbnailUrl\":\"http:\\\/\\\/zardgestaocondominal.com.br\\\/wp-content\\\/uploads\\\/elementor\\\/thumbs\\\/finger-touching-tablet-qll8n7j4b7tlkkfnro19jf2sf76wgsrcdt9efruk5k.jpg\",\"datePublished\":\"2024-03-22T12:46:44+00:00\",\"dateModified\":\"2024-07-16T12:45:59+00:00\",\"breadcrumb\":{\"@id\":\"https:\\\/\\\/zardgestaocondominal.com.br\\\/?page_id=21#breadcrumb\"},\"inLanguage\":\"pt-BR\",\"potentialAction\":[{\"@type\":\"ReadAction\",\"target\":[\"https:\\\/\\\/zardgestaocondominal.com.br\\\/?page_id=21\"]}]},{\"@type\":\"ImageObject\",\"inLanguage\":\"pt-BR\",\"@id\":\"https:\\\/\\\/zardgestaocondominal.com.br\\\/?page_id=21#primaryimage\",\"url\":\"http:\\\/\\\/zardgestaocondominal.com.br\\\/wp-content\\\/uploads\\\/elementor\\\/thumbs\\\/finger-touching-tablet-qll8n7j4b7tlkkfnro19jf2sf76wgsrcdt9efruk5k.jpg\",\"contentUrl\":\"http:\\\/\\\/zardgestaocondominal.com.br\\\/wp-content\\\/uploads\\\/elementor\\\/thumbs\\\/finger-touching-tablet-qll8n7j4b7tlkkfnro19jf2sf76wgsrcdt9efruk5k.jpg\"},{\"@type\":\"BreadcrumbList\",\"@id\":\"https:\\\/\\\/zardgestaocondominal.com.br\\\/?page_id=21#breadcrumb\",\"itemListElement\":[{\"@type\":\"ListItem\",\"position\":1,\"name\":\"In\u00edcio\",\"item\":\"https:\\\/\\\/zardgestaocondominal.com.br\\\/\"},{\"@type\":\"ListItem\",\"position\":2,\"name\":\"Contato\"}]},{\"@type\":\"WebSite\",\"@id\":\"https:\\\/\\\/zardgestaocondominal.com.br\\\/#website\",\"url\":\"https:\\\/\\\/zardgestaocondominal.com.br\\\/\",\"name\":\"ZARD Gest\u00e3o Condominal\",\"description\":\"\",\"publisher\":{\"@id\":\"https:\\\/\\\/zardgestaocondominal.com.br\\\/#organization\"},\"potentialAction\":[{\"@type\":\"SearchAction\",\"target\":{\"@type\":\"EntryPoint\",\"urlTemplate\":\"https:\\\/\\\/zardgestaocondominal.com.br\\\/?s={search_term_string}\"},\"query-input\":{\"@type\":\"PropertyValueSpecification\",\"valueRequired\":true,\"valueName\":\"search_term_string\"}}],\"inLanguage\":\"pt-BR\"},{\"@type\":\"Organization\",\"@id\":\"https:\\\/\\\/zardgestaocondominal.com.br\\\/#organization\",\"name\":\"ZARD Gest\u00e3o Condominal\",\"url\":\"https:\\\/\\\/zardgestaocondominal.com.br\\\/\",\"logo\":{\"@type\":\"ImageObject\",\"inLanguage\":\"pt-BR\",\"@id\":\"https:\\\/\\\/zardgestaocondominal.com.br\\\/#\\\/schema\\\/logo\\\/image\\\/\",\"url\":\"https:\\\/\\\/zardgestaocondominal.com.br\\\/wp-content\\\/uploads\\\/2024\\\/03\\\/LOGO-ZARD-1.png\",\"contentUrl\":\"https:\\\/\\\/zardgestaocondominal.com.br\\\/wp-content\\\/uploads\\\/2024\\\/03\\\/LOGO-ZARD-1.png\",\"width\":639,\"height\":248,\"caption\":\"ZARD Gest\u00e3o Condominal\"},\"image\":{\"@id\":\"https:\\\/\\\/zardgestaocondominal.com.br\\\/#\\\/schema\\\/logo\\\/image\\\/\"}}]}<\/script>\n<!-- \/ Yoast SEO plugin. -->","yoast_head_json":{"title":"Contato - ZARD Gest\u00e3o Condominal","robots":{"index":"index","follow":"follow","max-snippet":"max-snippet:-1","max-image-preview":"max-image-preview:large","max-video-preview":"max-video-preview:-1"},"canonical":"https:\/\/zardgestaocondominal.com.br\/?page_id=21","og_locale":"pt_BR","og_type":"article","og_title":"Contato - ZARD Gest\u00e3o Condominal","og_description":"ENTRE EM CONATO Solicite uma cota\u00e7\u00e3o de servi\u00e7os para a gest\u00e3o do seu condom\u00ednio. Nome E-mail Mensagem ENVIAR MENSAGEM (51) 99835-5959 zard.gestaocondominal@gmail.com","og_url":"https:\/\/zardgestaocondominal.com.br\/?page_id=21","og_site_name":"ZARD Gest\u00e3o Condominal","article_modified_time":"2024-07-16T12:45:59+00:00","og_image":[{"url":"http:\/\/zardgestaocondominal.com.br\/wp-content\/uploads\/elementor\/thumbs\/finger-touching-tablet-qll8n7j4b7tlkkfnro19jf2sf76wgsrcdt9efruk5k.jpg","type":"","width":"","height":""}],"twitter_card":"summary_large_image","schema":{"@context":"https:\/\/schema.org","@graph":[{"@type":"WebPage","@id":"https:\/\/zardgestaocondominal.com.br\/?page_id=21","url":"https:\/\/zardgestaocondominal.com.br\/?page_id=21","name":"Contato - ZARD Gest\u00e3o Condominal","isPartOf":{"@id":"https:\/\/zardgestaocondominal.com.br\/#website"},"primaryImageOfPage":{"@id":"https:\/\/zardgestaocondominal.com.br\/?page_id=21#primaryimage"},"image":{"@id":"https:\/\/zardgestaocondominal.com.br\/?page_id=21#primaryimage"},"thumbnailUrl":"http:\/\/zardgestaocondominal.com.br\/wp-content\/uploads\/elementor\/thumbs\/finger-touching-tablet-qll8n7j4b7tlkkfnro19jf2sf76wgsrcdt9efruk5k.jpg","datePublished":"2024-03-22T12:46:44+00:00","dateModified":"2024-07-16T12:45:59+00:00","breadcrumb":{"@id":"https:\/\/zardgestaocondominal.com.br\/?page_id=21#breadcrumb"},"inLanguage":"pt-BR","potentialAction":[{"@type":"ReadAction","target":["https:\/\/zardgestaocondominal.com.br\/?page_id=21"]}]},{"@type":"ImageObject","inLanguage":"pt-BR","@id":"https:\/\/zardgestaocondominal.com.br\/?page_id=21#primaryimage","url":"http:\/\/zardgestaocondominal.com.br\/wp-content\/uploads\/elementor\/thumbs\/finger-touching-tablet-qll8n7j4b7tlkkfnro19jf2sf76wgsrcdt9efruk5k.jpg","contentUrl":"http:\/\/zardgestaocondominal.com.br\/wp-content\/uploads\/elementor\/thumbs\/finger-touching-tablet-qll8n7j4b7tlkkfnro19jf2sf76wgsrcdt9efruk5k.jpg"},{"@type":"BreadcrumbList","@id":"https:\/\/zardgestaocondominal.com.br\/?page_id=21#breadcrumb","itemListElement":[{"@type":"ListItem","position":1,"name":"In\u00edcio","item":"https:\/\/zardgestaocondominal.com.br\/"},{"@type":"ListItem","position":2,"name":"Contato"}]},{"@type":"WebSite","@id":"https:\/\/zardgestaocondominal.com.br\/#website","url":"https:\/\/zardgestaocondominal.com.br\/","name":"ZARD Gest\u00e3o Condominal","description":"","publisher":{"@id":"https:\/\/zardgestaocondominal.com.br\/#organization"},"potentialAction":[{"@type":"SearchAction","target":{"@type":"EntryPoint","urlTemplate":"https:\/\/zardgestaocondominal.com.br\/?s={search_term_string}"},"query-input":{"@type":"PropertyValueSpecification","valueRequired":true,"valueName":"search_term_string"}}],"inLanguage":"pt-BR"},{"@type":"Organization","@id":"https:\/\/zardgestaocondominal.com.br\/#organization","name":"ZARD Gest\u00e3o Condominal","url":"https:\/\/zardgestaocondominal.com.br\/","logo":{"@type":"ImageObject","inLanguage":"pt-BR","@id":"https:\/\/zardgestaocondominal.com.br\/#\/schema\/logo\/image\/","url":"https:\/\/zardgestaocondominal.com.br\/wp-content\/uploads\/2024\/03\/LOGO-ZARD-1.png","contentUrl":"https:\/\/zardgestaocondominal.com.br\/wp-content\/uploads\/2024\/03\/LOGO-ZARD-1.png","width":639,"height":248,"caption":"ZARD Gest\u00e3o Condominal"},"image":{"@id":"https:\/\/zardgestaocondominal.com.br\/#\/schema\/logo\/image\/"}}]}},"_links":{"self":[{"href":"https:\/\/zardgestaocondominal.com.br\/index.php?rest_route=\/wp\/v2\/pages\/21","targetHints":{"allow":["GET"]}}],"collection":[{"href":"https:\/\/zardgestaocondominal.com.br\/index.php?rest_route=\/wp\/v2\/pages"}],"about":[{"href":"https:\/\/zardgestaocondominal.com.br\/index.php?rest_route=\/wp\/v2\/types\/page"}],"author":[{"embeddable":true,"href":"https:\/\/zardgestaocondominal.com.br\/index.php?rest_route=\/wp\/v2\/users\/1"}],"replies":[{"embeddable":true,"href":"https:\/\/zardgestaocondominal.com.br\/index.php?rest_route=%2Fwp%2Fv2%2Fcomments&post=21"}],"version-history":[{"count":13,"href":"https:\/\/zardgestaocondominal.com.br\/index.php?rest_route=\/wp\/v2\/pages\/21\/revisions"}],"predecessor-version":[{"id":388,"href":"https:\/\/zardgestaocondominal.com.br\/index.php?rest_route=\/wp\/v2\/pages\/21\/revisions\/388"}],"wp:attachment":[{"href":"https:\/\/zardgestaocondominal.com.br\/index.php?rest_route=%2Fwp%2Fv2%2Fmedia&parent=21"}],"curies":[{"name":"wp","href":"https:\/\/api.w.org\/{rel}","templated":true}]}}